{"id":5387,"date":"2023-07-14T09:48:27","date_gmt":"2023-07-14T12:48:27","guid":{"rendered":"https:\/\/estrelavelha.rs.gov.br\/portal\/?page_id=5387"},"modified":"2023-07-14T09:48:47","modified_gmt":"2023-07-14T12:48:47","slug":"atribuicoes-da-secretaria-da-educacao","status":"publish","type":"page","link":"https:\/\/estrelavelha.rs.gov.br\/portal\/atribuicoes-da-secretaria-da-educacao\/","title":{"rendered":"Atribui\u00e7\u00f5es da Secretaria da Educa\u00e7\u00e3o"},"content":{"rendered":"\t\t<div data-elementor-type=\"wp-page\" data-elementor-id=\"5387\" class=\"elementor elementor-5387\">\n\t\t\t\t\t\t\t\t\t<section class=\"elementor-section elementor-top-section elementor-element elementor-element-2ec0fad elementor-section-boxed elementor-section-height-default elementor-section-height-default\" data-id=\"2ec0fad\" data-element_type=\"section\">\n\t\t\t\t\t\t<div class=\"elementor-container elementor-column-gap-default\">\n\t\t\t\t\t<div class=\"elementor-column elementor-col-100 elementor-top-column elementor-element elementor-element-5b9bbff\" data-id=\"5b9bbff\" data-element_type=\"column\">\n\t\t\t<div class=\"elementor-widget-wrap elementor-element-populated\">\n\t\t\t\t\t\t\t\t<div class=\"elementor-element elementor-element-a91be5f elementor-widget elementor-widget-text-editor\" data-id=\"a91be5f\" data-element_type=\"widget\" data-widget_type=\"text-editor.default\">\n\t\t\t\t<div class=\"elementor-widget-container\">\n\t\t\t<style>\/*! elementor - v3.14.0 - 26-06-2023 *\/\n.elementor-widget-text-editor.elementor-drop-cap-view-stacked .elementor-drop-cap{background-color:#69727d;color:#fff}.elementor-widget-text-editor.elementor-drop-cap-view-framed .elementor-drop-cap{color:#69727d;border:3px solid;background-color:transparent}.elementor-widget-text-editor:not(.elementor-drop-cap-view-default) .elementor-drop-cap{margin-top:8px}.elementor-widget-text-editor:not(.elementor-drop-cap-view-default) .elementor-drop-cap-letter{width:1em;height:1em}.elementor-widget-text-editor .elementor-drop-cap{float:left;text-align:center;line-height:1;font-size:50px}.elementor-widget-text-editor .elementor-drop-cap-letter{display:inline-block}<\/style>\t\t\t\t<p>A SECRETARIA MUNICIPAL DE EDUCA\u00c7\u00c3O, \u00f3rg\u00e3o de administra\u00e7\u00e3o espec\u00edfica, com sua estrutura prevista no art. 1\u00ba, inciso II, al\u00edneas &#8220;a&#8221; a &#8220;e&#8221; desta Lei \u00e9 a unidade encarregada de garantir a universaliza\u00e7\u00e3o do ensino fundamental, al\u00e9m de organizar e coordenar o sistema educacional do Munic\u00edpio obedecendo \u00e0s normas da Lei de Diretrizes e Bases da Educa\u00e7\u00e3o &#8211; LDB, com as seguintes atribui\u00e7\u00f5es:<br \/><br \/>I &#8211; cuidar da atualiza\u00e7\u00e3o dos docentes, vinculado esta forma\u00e7\u00e3o aos planos de carreira;<br \/><br \/>II &#8211; baixar normas complementares para o sistema de ensino;<br \/><br \/>III &#8211; estudar e sugerir medidas que visem a expans\u00e3o e aperfei\u00e7oamento do ensino no Munic\u00edpio;<br \/><br \/>IV &#8211; interpretar e aplicar as normas da legisla\u00e7\u00e3o em vigor nas \u00e1reas de educa\u00e7\u00e3o;<br \/><br \/>V &#8211; representar nos conselhos relacionados com suas \u00e1reas de atua\u00e7\u00e3o.<br \/><br \/><strong>Art. 16<\/strong>\u00a0A Se\u00e7\u00e3o de Apoio Administrativo fica encarregada de secretariar diretamente o Secret\u00e1rio Municipal de Educa\u00e7\u00e3o nas atividades de expediente, tais como:<br \/><br \/>I &#8211; elabora\u00e7\u00e3o, digita\u00e7\u00e3o, expedi\u00e7\u00e3o e arquivamento de correspond\u00eancias e documentos afins;<br \/><br \/>II &#8211; controle de conv\u00eanios;<br \/><br \/>III &#8211; elabora\u00e7\u00e3o de presta\u00e7\u00f5es de contas de recursos externos recebidos, aplicados em projetos ou programas da Secretaria;<br \/><br \/>IV &#8211; arquivamento de todos os documentos escolares que devam ter guarda permanente obrigat\u00f3ria;<br \/><br \/>V &#8211; disponibilizar, para a Contabilidade, relat\u00f3rios da Secretaria necess\u00e1rios \u00e0 presta\u00e7\u00e3o de contas anual do agente gestor dos recursos da educa\u00e7\u00e3o;<br \/><br \/>VI &#8211; se inteirar mensalmente da situa\u00e7\u00e3o das despesas com educa\u00e7\u00e3o em rela\u00e7\u00e3o \u00e0s exig\u00eancias do art. 212 da Constitui\u00e7\u00e3o Federal e Lei Federal N\u00ba\u00a0<a href=\"http:\/\/www.planalto.gov.br\/ccivil_03\/LEIS\/L9424compilado.htm\" data-id=\"85987\" data-toggle=\"tooltip\" data-original-title=\" Data da Norma: 24.12.1996 - Disp\u00f5e sobre o Fundo de Manuten\u00e7\u00e3o e Desenvolvimento do Ensino Fundamental e de Valoriza\u00e7\u00e3o do Magist\u00e9rio, na forma prevista no art. 60, \u00a7 7\u00ba, do Ato das Disposi\u00e7\u00f5es Constitucionais Transit\u00f3rias, e d\u00e1 outras provid\u00eancias.\">9.424<\/a>\/96, passando-a ao Secret\u00e1rio de Educa\u00e7\u00e3o e ao Conselho de Acompanhamento e Controle Social do FUNDEF;<br \/><br \/>VII &#8211; outras afins.<br \/><br \/><strong>Art. 17<\/strong>\u00a0O Departamento de Ensino tem entre suas atribui\u00e7\u00f5es:<br \/><br \/>I &#8211; recensear a popula\u00e7\u00e3o com idade escolar para o ensino fundamental e os jovens e adultos que a ele n\u00e3o tiveram acesso;<br \/><br \/>II &#8211; fazer-lhes a chamada p\u00fablica;<br \/><br \/>III &#8211; coordenar o processo de matr\u00edculas escolares;<br \/><br \/>IV &#8211; zelar, junto aos pais ou respons\u00e1veis, pela freq\u00fc\u00eancia \u00e0 escola;<br \/><br \/>V &#8211; exercer a\u00e7\u00e3o redistributiva em rela\u00e7\u00e3o \u00e0s escolas municipais;<br \/><br \/>VI &#8211; outras afins.<br \/><br \/><strong>Art. 18<\/strong>\u00a0A Se\u00e7\u00e3o de Supervis\u00e3o Escolar \u00e9 respons\u00e1vel por:<br \/><br \/>I &#8211; orientar o planejamento das escolas municipais preservando pelas diretrizes pol\u00edtico-pedag\u00f3gicas da Administra\u00e7\u00e3o Municipal;<br \/><br \/>II &#8211; supervisionar o funcionamento das escolas nos aspectos t\u00e9cnicos e administrativos fazendo cumprir as ordens de servi\u00e7os, combina\u00e7\u00f5es e normas regulamentares;<br \/><br \/>III &#8211; realizar avalia\u00e7\u00f5es coletivas e individuais peri\u00f3dicas com os professores;<br \/><br \/>IV &#8211; promover treinamento dos agentes educacionais;<br \/><br \/>V &#8211; outras atividades afins.<br \/><br \/><strong>Art. 19<\/strong>\u00a0A Se\u00e7\u00e3o de Apoio ao Estudante cuida de programas voltados a suprir car\u00eancias da popula\u00e7\u00e3o estudantil ou da infra-estrutura necess\u00e1ria ao regular atendimento dos estudantes, ficando encarregada de:<br \/><br \/>I &#8211; adquirir, estocar e distribuir merenda e material escolar;<br \/><br \/>II &#8211; organizar e controlar o sistema de transporte escolar;<br \/><br \/>III &#8211; outras atividades de apoio.<br \/><br \/><strong>Art. 20<\/strong>\u00a0\u00c0s Escolas e Centros Educacionais compete:<br \/><br \/>I &#8211; planejar e executar sua proposta pedag\u00f3gica;<br \/><br \/>II &#8211; administrar seu pessoal e seus recursos materiais e financeiros;<br \/><br \/>III &#8211; assegurar o cumprimento dos dias letivos e horas-aulas estabelecidas em lei;<br \/><br \/>IV &#8211; velar pelo plano de trabalho de cada docente;<br \/><br \/>V &#8211; zelar pela aprendizagem dos alunos;<br \/><br \/>VI &#8211; prover meios para recupera\u00e7\u00e3o de alunos de menor rendimento;<br \/><br \/>VII &#8211; articular-se com a fam\u00edlia e a comunidade, criando processos de integra\u00e7\u00e3o da sociedade com a escola;<br \/><br \/>VIII &#8211; informar aos pais e\/ou respons\u00e1veis sobre a freq\u00fc\u00eancia e o rendimento dos alunos, bem como sobre a execu\u00e7\u00e3o de sua proposta pedag\u00f3gica;<br \/><br \/>IX &#8211; outras atividades afins.<\/p>\t\t\t\t\t\t<\/div>\n\t\t\t\t<\/div>\n\t\t\t\t\t<\/div>\n\t\t<\/div>\n\t\t\t\t\t\t\t<\/div>\n\t\t<\/section>\n\t\t\t\t\t\t\t<\/div>\n\t\t","protected":false},"excerpt":{"rendered":"<p>A SECRETARIA MUNICIPAL DE EDUCA\u00c7\u00c3O, \u00f3rg\u00e3o de administra\u00e7\u00e3o espec\u00edfica, com sua estrutura prevista no art. 1\u00ba, inciso II, al\u00edneas &#8220;a&#8221; a &#8220;e&#8221; desta Lei \u00e9 a<span class=\"excerpt-hellip\"> [\u2026]<\/span><\/p>\n","protected":false},"author":4,"featured_media":0,"parent":0,"menu_order":0,"comment_status":"closed","ping_status":"closed","template":"","meta":[],"_links":{"self":[{"href":"https:\/\/estrelavelha.rs.gov.br\/portal\/wp-json\/wp\/v2\/pages\/5387"}],"collection":[{"href":"https:\/\/estrelavelha.rs.gov.br\/portal\/wp-json\/wp\/v2\/pages"}],"about":[{"href":"https:\/\/estrelavelha.rs.gov.br\/portal\/wp-json\/wp\/v2\/types\/page"}],"author":[{"embeddable":true,"href":"https:\/\/estrelavelha.rs.gov.br\/portal\/wp-json\/wp\/v2\/users\/4"}],"replies":[{"embeddable":true,"href":"https:\/\/estrelavelha.rs.gov.br\/portal\/wp-json\/wp\/v2\/comments?post=5387"}],"version-history":[{"count":4,"href":"https:\/\/estrelavelha.rs.gov.br\/portal\/wp-json\/wp\/v2\/pages\/5387\/revisions"}],"predecessor-version":[{"id":5391,"href":"https:\/\/estrelavelha.rs.gov.br\/portal\/wp-json\/wp\/v2\/pages\/5387\/revisions\/5391"}],"wp:attachment":[{"href":"https:\/\/estrelavelha.rs.gov.br\/portal\/wp-json\/wp\/v2\/media?parent=5387"}],"curies":[{"name":"wp","href":"https:\/\/api.w.org\/{rel}","templated":true}]}}