{"id":3743,"date":"2021-08-24T09:41:54","date_gmt":"2021-08-24T12:41:54","guid":{"rendered":"https:\/\/estrelavelha.rs.gov.br\/portal\/?page_id=3743"},"modified":"2021-08-24T09:41:55","modified_gmt":"2021-08-24T12:41:55","slug":"horarios-e-locais-de-vacinacao-para-covid-19","status":"publish","type":"page","link":"https:\/\/estrelavelha.rs.gov.br\/portal\/horarios-e-locais-de-vacinacao-para-covid-19\/","title":{"rendered":"Hor\u00e1rios e locais de Vacina\u00e7\u00e3o para COVID-19"},"content":{"rendered":"\n<p><strong>Hor\u00e1rios e locais de Vacina\u00e7\u00e3o para COVID-19<\/strong><\/p>\n\n\n\n<figure class=\"wp-block-table\"><table><tbody><tr><td><em>NA CIDADE<\/em><\/td><td><strong>ESF1<\/strong>\u00a0<strong>Sede\u00a0<\/strong>\u00a0Endere\u00e7o: Rua Georgina Willges Billig, 80. Bairro Centro. Telefones de contato: (51) 36167027 ou (51) 9 9263-3137 (liga\u00e7\u00f5es e whatsapp)\u00a0de Segunda a Sexta Hor\u00e1rio:\u00a0 08:00 \u2013 11:30 e 13:15 \u2013 16:00 \u00a0 \u00c9 necess\u00e1rio agendamento. \u00a0<\/td><\/tr><tr><td><em>NO INTERIOR<\/em><\/td><td><strong>ESF2 Ita\u00faba<\/strong>&nbsp;Endere\u00e7o: Vila Ita\u00faba, Interior.&nbsp; Telefone de contato: (51)3616-7314 ou (51) 9 9263-0393 (Apenas whatsapp), Segunda \u00e1 Sexta&nbsp; Hor\u00e1rio:&nbsp; 08:00 \u2013 11:30 e 13:15 \u2013 16:00 &nbsp;<\/td><\/tr><\/tbody><\/table><\/figure>\n\n\n\n<p><strong>Documentos necess\u00e1rios para vacina\u00e7\u00e3o da COVID-19:<\/strong> CPF e Caderneta de Vacina\u00e7\u00e3o. &nbsp;<\/p>\n\n\n\n<p>Telefone da Ouvidoria SUS Municipal: (51)3616-7002 \/ (51)99263-9554- com Andressa Gomes e Berenice Schneidt<\/p>\n","protected":false},"excerpt":{"rendered":"<p>Hor\u00e1rios e locais de Vacina\u00e7\u00e3o para COVID-19 NA CIDADE ESF1\u00a0Sede\u00a0\u00a0Endere\u00e7o: Rua Georgina Willges Billig, 80. Bairro Centro. Telefones de contato: (51) 36167027 ou (51) 9 9263-3137<span class=\"excerpt-hellip\"> [\u2026]<\/span><\/p>\n","protected":false},"author":1,"featured_media":0,"parent":0,"menu_order":0,"comment_status":"closed","ping_status":"closed","template":"","meta":[],"_links":{"self":[{"href":"https:\/\/estrelavelha.rs.gov.br\/portal\/wp-json\/wp\/v2\/pages\/3743"}],"collection":[{"href":"https:\/\/estrelavelha.rs.gov.br\/portal\/wp-json\/wp\/v2\/pages"}],"about":[{"href":"https:\/\/estrelavelha.rs.gov.br\/portal\/wp-json\/wp\/v2\/types\/page"}],"author":[{"embeddable":true,"href":"https:\/\/estrelavelha.rs.gov.br\/portal\/wp-json\/wp\/v2\/users\/1"}],"replies":[{"embeddable":true,"href":"https:\/\/estrelavelha.rs.gov.br\/portal\/wp-json\/wp\/v2\/comments?post=3743"}],"version-history":[{"count":1,"href":"https:\/\/estrelavelha.rs.gov.br\/portal\/wp-json\/wp\/v2\/pages\/3743\/revisions"}],"predecessor-version":[{"id":3744,"href":"https:\/\/estrelavelha.rs.gov.br\/portal\/wp-json\/wp\/v2\/pages\/3743\/revisions\/3744"}],"wp:attachment":[{"href":"https:\/\/estrelavelha.rs.gov.br\/portal\/wp-json\/wp\/v2\/media?parent=3743"}],"curies":[{"name":"wp","href":"https:\/\/api.w.org\/{rel}","templated":true}]}}