{"id":3245,"date":"2021-01-13T22:49:41","date_gmt":"2021-01-14T01:49:41","guid":{"rendered":"http:\/\/estrelavelha.rs.gov.br\/portal\/?page_id=3245"},"modified":"2026-03-31T10:20:11","modified_gmt":"2026-03-31T13:20:11","slug":"gabinete-do-prefeito","status":"publish","type":"page","link":"https:\/\/estrelavelha.rs.gov.br\/portal\/gabinete-do-prefeito\/","title":{"rendered":"Gabinete do Prefeito"},"content":{"rendered":"<p style=\"text-align: justify;\"><img decoding=\"async\" loading=\"lazy\" class=\"wp-image-7148 size-medium alignleft\" src=\"https:\/\/estrelavelha.rs.gov.br\/portal\/wp-content\/uploads\/2026\/03\/PREFEITO-225x300.jpg\" alt=\"\" width=\"225\" height=\"300\" srcset=\"https:\/\/estrelavelha.rs.gov.br\/portal\/wp-content\/uploads\/2026\/03\/PREFEITO-225x300.jpg 225w, https:\/\/estrelavelha.rs.gov.br\/portal\/wp-content\/uploads\/2026\/03\/PREFEITO-110x146.jpg 110w, https:\/\/estrelavelha.rs.gov.br\/portal\/wp-content\/uploads\/2026\/03\/PREFEITO-38x50.jpg 38w, https:\/\/estrelavelha.rs.gov.br\/portal\/wp-content\/uploads\/2026\/03\/PREFEITO-56x75.jpg 56w, https:\/\/estrelavelha.rs.gov.br\/portal\/wp-content\/uploads\/2026\/03\/PREFEITO.jpg 524w\" sizes=\"(max-width: 225px) 100vw, 225px\" \/><strong>Prefeito: Alexander <\/strong><strong>Castilhos<br \/>\n<\/strong><\/p>\n<p style=\"text-align: justify;\"><strong>Endere\u00e7o: <\/strong>Avenida Jo\u00e3o Luiz Billig, n\u00ba 27, Bairro Centro, CEP 96990-000, Estrela Velha \u2013 RS (Centro Administrativo Municipal Hil\u00e1rio Jo\u00e3o Ceolin)<br \/>\n<strong>Hor\u00e1rio de Atendimento:<\/strong> Segunda a Sexta-feira &#8211; <u>7h45 \u00e0s 12h &#8211; 13h15 \u00e0s 17h.<\/u><\/p>\n<p style=\"text-align: justify;\"><strong>Telefone:<\/strong> (51) 9 8959-3322<br \/>\n<strong>Celular:<\/strong>\u00a0(51) 9 9244-6463<br \/>\n<strong>E-mail:<\/strong> gabinete@estrelavelha.rs.gov.br<\/p>\n<p style=\"text-align: justify;\"><strong>Atribui\u00e7\u00f5es:<\/strong><\/p>\n<p>Das Atribui\u00e7\u00f5es do Prefeito<\/p>\n<p>Art. 65. Ao Prefeito, como chefe da administra\u00e7\u00e3o, compete dar cumprimento \u00e0s delibera\u00e7\u00f5es da C\u00e2mara, dirigir, fiscalizar e defender os interesses do Munic\u00edpio, bem como adotar, de acordo com a lei, todas as medidas administrativas de utilidade p\u00fablica, sem exceder as verbas or\u00e7ament\u00e1rias.<\/p>\n<p>Art. 66. Compete ao Prefeito, entre outras atribui\u00e7\u00f5es:<\/p>\n<p>I &#8211; a iniciativa das leis, na forma e casos previstos nesta Lei Org\u00e2nica;<br \/>\nI &#8211; representar o Munic\u00edpio em Ju\u00edzo e fora dele;<br \/>\nIII &#8211; sancionar, promulgar e fazer publicar as leis aprovadas pela C\u00e2mara e expedir os regulamentos para sua fiel execu\u00e7\u00e3o;<br \/>\nIV &#8211; vetar, no todo ou em parte, os projetos de lei aprovados pela C\u00e2mara;<br \/>\nV &#8211; decretar, nos termos da lei, a desapropria\u00e7\u00e3o por necessidade ou utilidade p\u00fablica ou por interesse social;<br \/>\nVI &#8211; expedir decretos, portarias e outros atos administrativos;<br \/>\nVII &#8211; permitir ou autorizar o uso de bens municipais, por terceiros; VIII &#8211; permitir ou autorizar a execu\u00e7\u00e3o de servi\u00e7os p\u00fablicos, por terceiros;<br \/>\nIX &#8211; prover os cargos p\u00fablicos e expedir os demais atos referentes \u00e0 situa\u00e7\u00e3o funcional dos servidores;<br \/>\nX &#8211; enviar, ao Poder Legislativo, o Plano Plurianual, o Projeto de Lei de Diretrizes Or\u00e7ament\u00e1ria e as propostas do Or\u00e7amento Anual previstas nesta lei.<\/p>\n<ul>\n<li>Inciso X com reda\u00e7\u00e3o dada pela Emenda a LOM n. 02, de 12-12-2002.<br \/>\nXI &#8211; prestar, anualmente, ao Poder Legislativo, dentro de 60 (sessenta) dias ap\u00f3s a abertura do ano legislativo, as contas referentes ao exerc\u00edcio anterior.<\/li>\n<li>Inciso XI com reda\u00e7\u00e3o dada pela Emenda a LOM n. 02, de 12-12-2002.<br \/>\nXII &#8211; encaminhar aos \u00f3rg\u00e3os competentes os planos de aplica\u00e7\u00e3o e as presta\u00e7\u00f5es de contas, exigidas em lei;<br \/>\nXIII &#8211; fazer publicar os atos oficiais;<br \/>\nXIV &#8211; prestar \u00e0 C\u00e2mara, dentro de 15 (quinze) dias, as informa\u00e7\u00f5es pela mesma solicitada, salvo prorroga\u00e7\u00e3o, a seu pedido e por prazo determinado, em face da complexidade da mat\u00e9ria ou da dificuldade de obten\u00e7\u00e3o nas respectivas fontes, dos dados pleiteados;<\/li>\n<li>Inciso XIV com reda\u00e7\u00e3o dada pela Emenda a LOM n. 02, de 12-12-2002.<br \/>\nXV &#8211; prover os servi\u00e7os e obras da administra\u00e7\u00e3o p\u00fablica;<br \/>\nXVI &#8211; superintender a arrecada\u00e7\u00e3o dos tributos, bem como a guarda e aplica\u00e7\u00e3o da receita, autorizando as despesas e pagamentos dentro das disponibilidades or\u00e7ament\u00e1rias ou dos cr\u00e9ditos votados pela C\u00e2mara;<br \/>\nXVII &#8211; colocar \u00e0 disposi\u00e7\u00e3o da C\u00e2mara Municipal, dentro do quinze (15) dias de sua requisi\u00e7\u00e3o, as quantias que devam ser despendidas, de uma s\u00f3 vez e at\u00e9 o dia (20) vinte de cada m\u00eas, a parcela correspondente ao duod\u00e9cimo de sua dota\u00e7\u00e3o or\u00e7ament\u00e1ria;<\/li>\n<li>Inciso XVII com reda\u00e7\u00e3o dada pela Emenda a LOM n. 02, de 12-12-2002.<br \/>\nXVIII &#8211; aplicar multas previstas em leis e contratos, bem como rev\u00ea-las quando impostas irregularmente;<br \/>\nXIX &#8211; resolver sobre os requerimentos, reclama\u00e7\u00f5es ou representa\u00e7\u00f5es que lhe forem dirigidas;<br \/>\nXX &#8211; oficializar, obedecidas as normas urban\u00edsticas aplic\u00e1veis, as vias e logradouros p\u00fablicos, mediante denomina\u00e7\u00e3o aprovada pela C\u00e2mara;<br \/>\nXXI &#8211; convocar extraordinariamente \u00e0 C\u00e2mara quando o interesse da administra\u00e7\u00e3o o exigir;<br \/>\nXXII &#8211; aprovar projetos do edifica\u00e7\u00e3o e planos de loteamento, arruamento e zoneamento urbano ou para fins urbanos;<br \/>\nXXIII &#8211; apresentar, anualmente, \u00e0 C\u00e2mara, relat\u00f3rio circunstanciado sobre o estado das obras e dos servi\u00e7os municipais, bem como o programa da administra\u00e7\u00e3o para o ano seguinte;<br \/>\nXXIV &#8211; organizar os servi\u00e7os internos das reparti\u00e7\u00f5es criadas por lei, sem exceder as verbas para tal destinadas;<br \/>\nXXV &#8211; contrair empr\u00e9stimos e realizar opera\u00e7\u00f5es de cr\u00e9dito, mediante pr\u00e9via autoriza\u00e7\u00e3o da C\u00e2mara;<br \/>\nXXVI &#8211; providenciar sobre a administra\u00e7\u00e3o dos bens do Munic\u00edpio e sua aliena\u00e7\u00e3o, na forma da lei;<br \/>\nXXVII &#8211; organizar e dirigir, nos termos da lei, os servi\u00e7os relativos \u00e0s terra do Munic\u00edpio;<br \/>\nXXVIII &#8211; desenvolver o sistema vi\u00e1rio do Munic\u00edpio;<br \/>\nXXIX &#8211; conceder aux\u00edlios, pr\u00eamios e subven\u00e7\u00f5es, nos limites das respectivas verbas or\u00e7ament\u00e1rias e do plano de distribui\u00e7\u00e3o, pr\u00e9via e anualmente aprovado pela C\u00e2mara;<br \/>\nXXX &#8211; providenciar sobre o incremento do ensino;<br \/>\nXXXI &#8211; estabelecer a divis\u00e3o administrativa do Munic\u00edpio, de acordo com a lei;<br \/>\nXXXII &#8211; solicitar o aux\u00edlio das autoridades policiais do Estado para garantia do cumprimento de seus atos;<br \/>\nXXXIII &#8211; solicitar, obrigatoriamente, autoriza\u00e7\u00e3o \u00e0 C\u00e2mara para ausentar-se do munic\u00edpio por tempo superior a quinze (15) dias;<\/li>\n<li>Inciso XXXIII com reda\u00e7\u00e3o dada pela Emenda a LOM n. 02, de 12-12-2002.<br \/>\nXXXIV- adotar provid\u00eancias para a conserva\u00e7\u00e3o e salvaguarda do patrim\u00f4nio municipal;<br \/>\nXXXV &#8211; publicar, at\u00e9 trinta (30) dias ap\u00f3s o encerramento de cada bimestre, relat\u00f3rio resumido da execu\u00e7\u00e3o or\u00e7ament\u00e1ria; Par\u00e1grafo \u00danico. O Prefeito poder\u00e1 delegar, por decreto, a seus auxiliares, as fun\u00e7\u00f5es administrativas previstas nos incisos IX, XV e XXIV do art. 66.<\/li>\n<\/ul>\n","protected":false},"excerpt":{"rendered":"<p>Prefeito: Alexander Castilhos Endere\u00e7o: Avenida Jo\u00e3o Luiz Billig, n\u00ba 27, Bairro Centro, CEP 96990-000, Estrela Velha \u2013 RS (Centro Administrativo Municipal Hil\u00e1rio Jo\u00e3o Ceolin) Hor\u00e1rio de<span class=\"excerpt-hellip\"> [\u2026]<\/span><\/p>\n","protected":false},"author":1,"featured_media":0,"parent":0,"menu_order":0,"comment_status":"closed","ping_status":"closed","template":"","meta":[],"_links":{"self":[{"href":"https:\/\/estrelavelha.rs.gov.br\/portal\/wp-json\/wp\/v2\/pages\/3245"}],"collection":[{"href":"https:\/\/estrelavelha.rs.gov.br\/portal\/wp-json\/wp\/v2\/pages"}],"about":[{"href":"https:\/\/estrelavelha.rs.gov.br\/portal\/wp-json\/wp\/v2\/types\/page"}],"author":[{"embeddable":true,"href":"https:\/\/estrelavelha.rs.gov.br\/portal\/wp-json\/wp\/v2\/users\/1"}],"replies":[{"embeddable":true,"href":"https:\/\/estrelavelha.rs.gov.br\/portal\/wp-json\/wp\/v2\/comments?post=3245"}],"version-history":[{"count":5,"href":"https:\/\/estrelavelha.rs.gov.br\/portal\/wp-json\/wp\/v2\/pages\/3245\/revisions"}],"predecessor-version":[{"id":7153,"href":"https:\/\/estrelavelha.rs.gov.br\/portal\/wp-json\/wp\/v2\/pages\/3245\/revisions\/7153"}],"wp:attachment":[{"href":"https:\/\/estrelavelha.rs.gov.br\/portal\/wp-json\/wp\/v2\/media?parent=3245"}],"curies":[{"name":"wp","href":"https:\/\/api.w.org\/{rel}","templated":true}]}}