{"id":2580,"date":"2018-11-22T09:40:41","date_gmt":"2018-11-22T11:40:41","guid":{"rendered":"http:\/\/estrelavelha.rs.gov.br\/portal\/?page_id=2580"},"modified":"2018-11-22T10:18:34","modified_gmt":"2018-11-22T12:18:34","slug":"rpps-lm-620","status":"publish","type":"page","link":"https:\/\/estrelavelha.rs.gov.br\/portal\/rpps-lm-620\/","title":{"rendered":"RPPS"},"content":{"rendered":"<div class=\"sdm_download_item \"><div class=\"sdm_download_item_top\"><div class=\"sdm_download_thumbnail\"><\/div><div class=\"sdm_download_title\">Lei Municipal n\u00ba 620\/2005 &#8211; Regime Pr\u00f3prio de Previd\u00eancia Social dos Servidores Efetivos do Munic\u00edpio de Estrela Velha<\/div><\/div><div style=\"clear:both;\"><\/div><div class=\"sdm_download_description\"><\/div><div class=\"sdm_download_link\"><span class=\"sdm_download_button\"><a href=\"https:\/\/estrelavelha.rs.gov.br\/portal\/?sdm_process_download=1&download_id=2775\" class=\"sdm_download grey\" title=\"Lei Municipal n\u00ba 620\/2005 &#8211; Regime Pr\u00f3prio de Previd\u00eancia Social dos Servidores Efetivos do Munic\u00edpio de Estrela Velha\" target=\"_self\">Baixar agora!<\/a><\/span><span class=\"sdm_download_item_count\"><span class=\"sdm_item_count_number\">873<\/span><span class=\"sdm_item_count_string\"> Downloads<\/span><\/span><\/div><\/div><div class=\"sdm_download_item \"><div class=\"sdm_download_item_top\"><div class=\"sdm_download_thumbnail\"><\/div><div class=\"sdm_download_title\">Lei Municipal 1288<\/div><\/div><div style=\"clear:both;\"><\/div><div class=\"sdm_download_description\"><p>Altera a reda\u00e7\u00e3o dos incisos I, II, III e IV do art. 13 da Lei Municipal n\u00b0 620, de 28 de setembro de 2005, e d\u00e1 outras provid\u00eancias.<\/p>\n<\/div><div class=\"sdm_download_link\"><span class=\"sdm_download_button\"><a href=\"https:\/\/estrelavelha.rs.gov.br\/portal\/?sdm_process_download=1&download_id=2616\" class=\"sdm_download grey\" title=\"Lei Municipal 1288\" target=\"_self\">Baixar agora!<\/a><\/span><span class=\"sdm_download_item_count\"><span class=\"sdm_item_count_number\">810<\/span><span class=\"sdm_item_count_string\"> Downloads<\/span><\/span><\/div><\/div><div class=\"sdm_download_item \"><div class=\"sdm_download_item_top\"><div class=\"sdm_download_thumbnail\"><\/div><div class=\"sdm_download_title\">Lei Municipal 1225<\/div><\/div><div style=\"clear:both;\"><\/div><div class=\"sdm_download_description\"><p>Altera a reda\u00e7\u00e3o dos incisos I, II, III e IV do art. 13 da Lei Municipal n\u00b0 620, de 28 de setembro de 2005, e d\u00e1 outras provid\u00eancias.<\/p>\n<\/div><div class=\"sdm_download_link\"><span class=\"sdm_download_button\"><a href=\"https:\/\/estrelavelha.rs.gov.br\/portal\/?sdm_process_download=1&download_id=2614\" class=\"sdm_download grey\" title=\"Lei Municipal 1225\" target=\"_self\">Baixar agora!<\/a><\/span><span class=\"sdm_download_item_count\"><span class=\"sdm_item_count_number\">835<\/span><span class=\"sdm_item_count_string\"> Downloads<\/span><\/span><\/div><\/div><div class=\"sdm_download_item \"><div class=\"sdm_download_item_top\"><div class=\"sdm_download_thumbnail\"><\/div><div class=\"sdm_download_title\">Lei Municipal 1012<\/div><\/div><div style=\"clear:both;\"><\/div><div class=\"sdm_download_description\"><p>Altera a reda\u00e7\u00e3o dos incisos I, II, III e do paragrafo 4\u00b0, e acrescenta o inciso IV, todos no art. 13 da Lei Municipal n\u00b0 620, de 28 de setembro de 2005, e d\u00e1 outras provid\u00eancias.<\/p>\n<\/div><div class=\"sdm_download_link\"><span class=\"sdm_download_button\"><a href=\"https:\/\/estrelavelha.rs.gov.br\/portal\/?sdm_process_download=1&download_id=2608\" class=\"sdm_download grey\" title=\"Lei Municipal 1012\" target=\"_self\">Baixar agora!<\/a><\/span><span class=\"sdm_download_item_count\"><span class=\"sdm_item_count_number\">754<\/span><span class=\"sdm_item_count_string\"> Downloads<\/span><\/span><\/div><\/div><div class=\"sdm_download_item \"><div class=\"sdm_download_item_top\"><div class=\"sdm_download_thumbnail\"><\/div><div class=\"sdm_download_title\">Lei Municipal 873<\/div><\/div><div style=\"clear:both;\"><\/div><div class=\"sdm_download_description\"><p>Altera a reda\u00e7\u00e3o do inciso III do art. 13, acrescenta o inciso XII e altera o \u00a7 1\u00ba do art. 14, ambos da Lei Municipal n\u00ba 620, de 28 de setembro de 2005, e d\u00e1 outras provid\u00eancias.<\/p>\n<\/div><div class=\"sdm_download_link\"><span class=\"sdm_download_button\"><a href=\"https:\/\/estrelavelha.rs.gov.br\/portal\/?sdm_process_download=1&download_id=2598\" class=\"sdm_download grey\" title=\"Lei Municipal 873\" target=\"_self\">Baixar agora!<\/a><\/span><span class=\"sdm_download_item_count\"><span class=\"sdm_item_count_number\">819<\/span><span class=\"sdm_item_count_string\"> Downloads<\/span><\/span><\/div><\/div><div class=\"sdm_clear_float\"><\/div><div class=\"sdm_pagination\"><\/div>\n","protected":false},"excerpt":{"rendered":"Lei Municipal n\u00ba 620\/2005 &#8211; Regime Pr\u00f3prio de Previd\u00eancia Social dos Servidores Efetivos do Munic\u00edpio de Estrela VelhaBaixar agora!873 DownloadsLei Municipal 1288Altera a reda\u00e7\u00e3o dos incisos<span class=\"excerpt-hellip\"> [\u2026]<\/span>","protected":false},"author":1,"featured_media":0,"parent":0,"menu_order":0,"comment_status":"closed","ping_status":"closed","template":"","meta":[],"_links":{"self":[{"href":"https:\/\/estrelavelha.rs.gov.br\/portal\/wp-json\/wp\/v2\/pages\/2580"}],"collection":[{"href":"https:\/\/estrelavelha.rs.gov.br\/portal\/wp-json\/wp\/v2\/pages"}],"about":[{"href":"https:\/\/estrelavelha.rs.gov.br\/portal\/wp-json\/wp\/v2\/types\/page"}],"author":[{"embeddable":true,"href":"https:\/\/estrelavelha.rs.gov.br\/portal\/wp-json\/wp\/v2\/users\/1"}],"replies":[{"embeddable":true,"href":"https:\/\/estrelavelha.rs.gov.br\/portal\/wp-json\/wp\/v2\/comments?post=2580"}],"version-history":[{"count":3,"href":"https:\/\/estrelavelha.rs.gov.br\/portal\/wp-json\/wp\/v2\/pages\/2580\/revisions"}],"predecessor-version":[{"id":2618,"href":"https:\/\/estrelavelha.rs.gov.br\/portal\/wp-json\/wp\/v2\/pages\/2580\/revisions\/2618"}],"wp:attachment":[{"href":"https:\/\/estrelavelha.rs.gov.br\/portal\/wp-json\/wp\/v2\/media?parent=2580"}],"curies":[{"name":"wp","href":"https:\/\/api.w.org\/{rel}","templated":true}]}}