{"id":2389,"date":"2018-07-11T17:01:41","date_gmt":"2018-07-11T20:01:41","guid":{"rendered":"http:\/\/estrelavelha.rs.gov.br\/portal\/?page_id=2389"},"modified":"2026-02-24T16:41:17","modified_gmt":"2026-02-24T19:41:17","slug":"assistenciasocial","status":"publish","type":"page","link":"https:\/\/estrelavelha.rs.gov.br\/portal\/assistenciasocial\/","title":{"rendered":"Secretaria Municipal de Assist\u00eancia Social"},"content":{"rendered":"\t\t<div data-elementor-type=\"wp-page\" data-elementor-id=\"2389\" class=\"elementor elementor-2389\">\n\t\t\t\t\t\t\t\t\t<section class=\"elementor-section elementor-top-section elementor-element elementor-element-67c2513f elementor-section-boxed elementor-section-height-default elementor-section-height-default\" data-id=\"67c2513f\" data-element_type=\"section\">\n\t\t\t\t\t\t<div class=\"elementor-container elementor-column-gap-default\">\n\t\t\t\t\t<div class=\"elementor-column elementor-col-100 elementor-top-column elementor-element elementor-element-182370e3\" data-id=\"182370e3\" data-element_type=\"column\">\n\t\t\t<div class=\"elementor-widget-wrap elementor-element-populated\">\n\t\t\t\t\t\t\t\t<div class=\"elementor-element elementor-element-367ac5e0 elementor-widget elementor-widget-text-editor\" data-id=\"367ac5e0\" data-element_type=\"widget\" data-widget_type=\"text-editor.default\">\n\t\t\t\t<div class=\"elementor-widget-container\">\n\t\t\t<style>\/*! elementor - v3.14.0 - 26-06-2023 *\/\n.elementor-widget-text-editor.elementor-drop-cap-view-stacked .elementor-drop-cap{background-color:#69727d;color:#fff}.elementor-widget-text-editor.elementor-drop-cap-view-framed .elementor-drop-cap{color:#69727d;border:3px solid;background-color:transparent}.elementor-widget-text-editor:not(.elementor-drop-cap-view-default) .elementor-drop-cap{margin-top:8px}.elementor-widget-text-editor:not(.elementor-drop-cap-view-default) .elementor-drop-cap-letter{width:1em;height:1em}.elementor-widget-text-editor .elementor-drop-cap{float:left;text-align:center;line-height:1;font-size:50px}.elementor-widget-text-editor .elementor-drop-cap-letter{display:inline-block}<\/style>\t\t\t\t<p><!-- wp:image {\"align\":\"left\",\"id\":7020} --><\/p>\n<figure class=\"wp-block-image alignleft\"><img decoding=\"async\" loading=\"lazy\" class=\"wp-image-7020 alignleft\" src=\"https:\/\/estrelavelha.rs.gov.br\/portal\/wp-content\/uploads\/2026\/02\/Marisa-Dalcin-de-Franceschi-\u2013-Secretaria-de-Assistencia-Social-Cultura-e-Turismo-225x300.jpg\" alt=\"\" width=\"200\" height=\"267\" srcset=\"https:\/\/estrelavelha.rs.gov.br\/portal\/wp-content\/uploads\/2026\/02\/Marisa-Dalcin-de-Franceschi-\u2013-Secretaria-de-Assistencia-Social-Cultura-e-Turismo-225x300.jpg 225w, https:\/\/estrelavelha.rs.gov.br\/portal\/wp-content\/uploads\/2026\/02\/Marisa-Dalcin-de-Franceschi-\u2013-Secretaria-de-Assistencia-Social-Cultura-e-Turismo-109x146.jpg 109w, https:\/\/estrelavelha.rs.gov.br\/portal\/wp-content\/uploads\/2026\/02\/Marisa-Dalcin-de-Franceschi-\u2013-Secretaria-de-Assistencia-Social-Cultura-e-Turismo-37x50.jpg 37w, https:\/\/estrelavelha.rs.gov.br\/portal\/wp-content\/uploads\/2026\/02\/Marisa-Dalcin-de-Franceschi-\u2013-Secretaria-de-Assistencia-Social-Cultura-e-Turismo-56x75.jpg 56w, https:\/\/estrelavelha.rs.gov.br\/portal\/wp-content\/uploads\/2026\/02\/Marisa-Dalcin-de-Franceschi-\u2013-Secretaria-de-Assistencia-Social-Cultura-e-Turismo.jpg 641w\" sizes=\"(max-width: 200px) 100vw, 200px\" \/><\/figure>\n<p><!-- \/wp:image --><\/p>\n<p><!-- wp:paragraph --><\/p>\n<p><strong>Secretaria Municipal de Assist\u00eancia Social<\/strong><\/p>\n<p><!-- \/wp:paragraph --><\/p>\n<p><!-- wp:paragraph --><\/p>\n<p><strong>Secret\u00e1ria: <\/strong>Marisa Dalcin de Franceschi<br \/><strong>Endere\u00e7o:<\/strong> CRAS Estrela Guia<br \/>Rua Georgina Billig Willigs, n\u00ba 66\u00a0&#8211; Bairro Centro Estrela Velha RS<\/p>\n<p><!-- \/wp:paragraph --><\/p>\n<p><!-- wp:paragraph --><\/p>\n<p><strong>Hor\u00e1rio de Atendimento: <\/strong>\u202fSegunda a Sexta-feira \u2013 <u>7h45 \u00e0s 12h &#8211; 13h15 \u00e0s 17h<\/u>.<br \/><strong>Telefone: <\/strong>(51) 9 8933-2667<br \/><strong>E-mail<\/strong><strong>: <\/strong>\u202f<a href=\"mailto:assistenciasocial@estrelavelha.rs.gov.br\">assistenciasocial@estrelavelha.rs.gov.br<\/a><\/p>\n<p><!-- \/wp:paragraph --><\/p>\n<p><!-- wp:paragraph --><\/p>\n<p><strong>Funcion\u00e1rio Respons\u00e1vel<\/strong>: Jaqueline Aparecida de Castro<br \/><strong>E-mail:\u00a0<\/strong><a href=\"mailto:assistenciasocial@estrelavelha.rs.gov.br\">assistenciasocial@estrelavelha.rs.gov.br<\/a><\/p>\n<p><!-- \/wp:paragraph --><\/p>\n<p><!-- wp:paragraph --><\/p>\n<p><strong>Psic\u00f3loga:\u00a0<\/strong>Tatiana\u00a0Canavezzi\u00a0Mari de Alencar, CRP07\/09706<br \/><strong>E-mail<\/strong>:\u00a0<a href=\"mailto:taticmari@hotmail.com\">taticmari@hotmail.com<\/a><\/p>\n<p><!-- \/wp:paragraph --><\/p>\n<p><!-- wp:paragraph --><\/p>\n<p><strong>Assistente Social:\u00a0<\/strong>Marina\u00a0Somavilla\u00a0Schleintvein CRESS 5536<br \/><strong>Email:\u00a0<\/strong><a href=\"mailto:marinasomavilla@yahoo.com.br\">marinasomavilla@yahoo.com.br<\/a><\/p>\n<p><!-- \/wp:paragraph --><\/p>\n<p><!-- wp:paragraph --><\/p>\n<p><strong>Assistente\u00a0Social:\u00a0<\/strong>Deise\u00a0Both\u00a0Liesenfeld\u00a0CRESS 5818<br \/><strong>Email:\u00a0<\/strong>dei.si.both@hotmail.com<\/p>\n<p><!-- \/wp:paragraph --><\/p>\n<p><!-- wp:paragraph --><\/p>\n<p><strong>Coordenadora do Cras<\/strong>: Rubia Ferreira<\/p>\n<p><!-- \/wp:paragraph --><\/p>\n<p><!-- wp:paragraph --><\/p>\n<p><br \/>A secretaria Municipal de Assist\u00eancia Social conta com t\u00e9cnicos espec\u00edficos para atendimento\u00a0\u00a0a popula\u00e7\u00e3o que procura e demanda as a\u00e7\u00f5es dos servi\u00e7os socioassistenciais ofertados para o enfrentamento de situa\u00e7\u00f5es de vulnerabilidades sociais. Cabe a esta pasta a elabora\u00e7\u00e3o, execu\u00e7\u00e3o, coordena\u00e7\u00e3o e avalia\u00e7\u00e3o de planos, programas e projetos, que se constituam em instrumento de defesa dos direitos e das necessidades da popula\u00e7\u00e3o, planejando e organizando campanhas que atendas as demandas sociais de indiv\u00edduos, grupos da popula\u00e7\u00e3o ou parcelas desfavorecidas. Fixa, com rela\u00e7\u00e3o \u00e0s verbas dispon\u00edveis na Secretaria da Assist\u00eancia Social, atividades determinadas para uso das mesmas, no atendimento e na defesa dos direitos da popula\u00e7\u00e3o, vistoriando e controlando a aplica\u00e7\u00e3o de tais recursos.<br \/>Realiza o atendimento direto as situa\u00e7\u00f5es imediatas e emergenciais da popula\u00e7\u00e3o com a\u00a0\u202faplica\u00e7\u00e3o de benef\u00edcios eventuais tais como aux\u00edlio funeral vestu\u00e1rio e alimenta\u00e7\u00e3o, \u202fdiante de disponibilidades financeiras e legais.<br \/>Tamb\u00e9m fornece a popula\u00e7\u00e3o informa\u00e7\u00f5es a respeito dos trabalhos desenvolvidos pela secretaria e demais esclarecimentos e orienta\u00e7\u00f5es a comunidade , na sua \u00e1rea de compet\u00eancia.<br \/>Realiza estudos socioecon\u00f4micos e familiares, acionando benef\u00edcios e servi\u00e7os sociais, procurando atender na plenitude as demandas sociais por interm\u00e9dio de acompanhamento ou de atividades preventivas.<br \/>\u00c0 Secretaria Municipal de Assist\u00eancia Social compete, atender as pessoas que demandam \u00e0 prefeitura buscando assist\u00eancia, dando-lhes o encaminhamento\u00a0devido no que couber.<br \/>Colaborar em programas de assist\u00eancia aos necessitados, por meios pr\u00f3prios ou conv\u00eanios e em coordena\u00e7\u00e3o com outras entidades.<br \/>Coordenar campanhas de integra\u00e7\u00e3o e desenvolvimento comunit\u00e1rio.<br \/>Pronunciar-se sobre solicita\u00e7\u00f5es de aux\u00edlio \u00e0 prefeitura por parte de entidades assistenciais, controlando a aplica\u00e7\u00e3o de recursos.<br \/>Programar e executar campanhas e atendimento individualizado nas \u00e1reas de planejamento familiar, nutri\u00e7\u00e3o, higiene e trabalho.<br \/>Organizar e participar de programas de esclarecimento em meios de comunica\u00e7\u00e3o dispon\u00edveis na comunidade.<br \/>Elabora\u00e7\u00e3o de pareceres, relat\u00f3rios e\u00a0estudos\u00a0sociais conforme os acompanhamentos realizados e demandas apresentadas, dando os devidos encaminhamentos.<\/p>\n<p><!-- \/wp:paragraph --><\/p>\n<p><!-- wp:paragraph --><\/p>\n<p><strong>Setor social da 3\u00b0 Idade:<br \/><\/strong>Presidente\u00a0do Grupo: Claudete\u00a0Zahn\u00a0de\u00a0Francheschi<br \/>telefone: (51) 9 9780-6151<\/p>\n<p><!-- \/wp:paragraph --><\/p>\n<p><!-- wp:paragraph --><\/p>\n<p><strong>Conselhos vinculados:<\/strong><\/p>\n<p><!-- \/wp:paragraph --><\/p>\n<p><!-- wp:paragraph --><\/p>\n<p><strong>Conselho Municipal de Assist\u00eancia Social<\/strong><\/p>\n<p><!-- \/wp:paragraph --><\/p>\n<p><!-- wp:paragraph --><\/p>\n<p><strong>Conselho Municipal dos Direitos da Crian\u00e7a e do Adolescente<\/strong><\/p>\n<p><!-- \/wp:paragraph --><\/p>\n<p><!-- wp:paragraph --><\/p>\n<p><strong>Corregedoria do Conselho Tutelar<\/strong><\/p>\n<p><!-- \/wp:paragraph --><\/p>\n<p><!-- wp:paragraph --><\/p>\n<p><strong>Conselho Tutelar<\/strong><br \/>Avenida Jo\u00e3o Luiz\u00a0Billig,\u00a0n\u00ba\u00a0189<br \/>e-mail:\u00a0conselhotutelar.estrelavelha@yahoo.com<br \/>telefone: (51) 9 9722-0904<\/p>\n<p><!-- \/wp:paragraph --><\/p>\n<p><!-- wp:paragraph --><\/p>\n<p><!-- \/wp:paragraph --><\/p>\n<p><!-- wp:paragraph --><\/p>\n<p><strong>Unidade de Apoio:<\/strong><br \/>Centro de Refer\u00eancia de Assist\u00eancia Social- CRAS Estrela Guia<br \/>E-mail: CRAS Estrela Guia <a href=\"mailto:crasev@terra.com.br\">crasev@terra.com.br<\/a><\/p>\n<p><!-- \/wp:heading --><\/p>\t\t\t\t\t\t<\/div>\n\t\t\t\t<\/div>\n\t\t\t\t\t<\/div>\n\t\t<\/div>\n\t\t\t\t\t\t\t<\/div>\n\t\t<\/section>\n\t\t\t\t\t\t\t<\/div>\n\t\t","protected":false},"excerpt":{"rendered":"<p>Secretaria Municipal de Assist\u00eancia Social Secret\u00e1ria: Marisa Dalcin de FranceschiEndere\u00e7o: CRAS Estrela GuiaRua Georgina Billig Willigs, n\u00ba 66\u00a0&#8211; Bairro Centro Estrela Velha RS Hor\u00e1rio de Atendimento:<span class=\"excerpt-hellip\"> [\u2026]<\/span><\/p>\n","protected":false},"author":1,"featured_media":0,"parent":0,"menu_order":0,"comment_status":"closed","ping_status":"closed","template":"","meta":[],"_links":{"self":[{"href":"https:\/\/estrelavelha.rs.gov.br\/portal\/wp-json\/wp\/v2\/pages\/2389"}],"collection":[{"href":"https:\/\/estrelavelha.rs.gov.br\/portal\/wp-json\/wp\/v2\/pages"}],"about":[{"href":"https:\/\/estrelavelha.rs.gov.br\/portal\/wp-json\/wp\/v2\/types\/page"}],"author":[{"embeddable":true,"href":"https:\/\/estrelavelha.rs.gov.br\/portal\/wp-json\/wp\/v2\/users\/1"}],"replies":[{"embeddable":true,"href":"https:\/\/estrelavelha.rs.gov.br\/portal\/wp-json\/wp\/v2\/comments?post=2389"}],"version-history":[{"count":43,"href":"https:\/\/estrelavelha.rs.gov.br\/portal\/wp-json\/wp\/v2\/pages\/2389\/revisions"}],"predecessor-version":[{"id":7035,"href":"https:\/\/estrelavelha.rs.gov.br\/portal\/wp-json\/wp\/v2\/pages\/2389\/revisions\/7035"}],"wp:attachment":[{"href":"https:\/\/estrelavelha.rs.gov.br\/portal\/wp-json\/wp\/v2\/media?parent=2389"}],"curies":[{"name":"wp","href":"https:\/\/api.w.org\/{rel}","templated":true}]}}